 2140753 (base 9) in base 16?
118776
-8a0867 (base 11) to base 10
-1435859
What is -21478 (base 13) in base 2?
-1110101010111110
Convert -110011111101100101011 (base 2) to base 5.
-413441244
What is -111100100100010100010 (base 2) in base 4?
-13210202202
13132013213 (base 4) to base 2
111011110000111100111
What is -556569 (base 11) in base 5?
-211342001
111a513 (base 13) to base 9
10780851
What is 1cadf8 (base 16) in base 8?
7126770
Convert 2750463 (base 9) to base 13.
40b057
Convert 42501122 (base 8) to base 16.
8a8252
Convert -1001200020 (base 3) to base 6.
-240440
213841 (base 9) to base 8
371053
-55830 (base 11) to base 14
-2167b
Convert -155984 (base 13) to base 5.
-113323322
What is -1551a6 (base 12) in base 14?
-959dc
What is 22403241 (base 6) in base 4?
2213033221
132221332002 (base 4) to base 2
11110101001111110000010
Convert 110482 (base 11) to base 15.
37361
Convert 100000101010001011000 (base 2) to base 13.
2b6148
What is -37757 (base 13) in base 6?
-2105405
Convert -10100111111011110 (base 2) to base 6.
-1502022
4000030201 (base 5) to base 11
4458104
-236e2 (base 15) to base 14
-2d22d
Convert 144826 (base 12) to base 9.
567183
Convert 21cde (base 16) to base 4.
201303132
What is 26aa93 (base 11) in base 3?
210120101211
What is -1555552 (base 6) in base 7?
-536015
What is 420468 (base 9) in base 11?
160674
Convert 20164553 (base 7) to base 10.
1679954
Convert -905319 (base 10) to base 15.
-12d399
-31001222 (base 5) to base 8
-750513
Convert -15136b8 (base 12) to base 3.
-22000021121012
What is -2446116 (base 8) in base 3?
-1021021210002
21301223 (base 5) to base 7
1353655
100112001121210 (base 3) to base 8
23232201
Convert -16363 (base 16) to base 9.
-147717
What is 37b9 (base 16) in base 3?
201120100
What is -12351121 (base 6) in base 10?
-403321
Convert 1025312 (base 9) to base 6.
15431102
Convert -21235433 (base 6) to base 5.
-130032323
What is -178058 (base 9) in base 15?
-22cab
-25435034 (base 6) to base 16
-ca73e
What is 225463 (base 8) in base 16?
12b33
What is -169e34 (base 16) in base 12?
-5b5984
3512626 (base 7) to base 11
280959
What is 1100001011010 (base 2) in base 12?
3736
-100124333 (base 5) to base 11
-250240
Convert -123023031 (base 4) to base 3.
-12122200120
-2120211212011 (base 3) to base 11
-85999a
Convert aa875 (base 11) to base 16.
27402
Convert 15120250 (base 6) to base 14.
d8bc2
25444325 (base 7) to base 9
4315718
What is -11100010000111001 (base 2) in base 4?
-130100321
What is -12502150 (base 7) in base 10?
-1143646
Convert -27b1 (base 16) to base 2.
-10011110110001
Convert -4a344 (base 12) to base 13.
-36aba
-130001213 (base 5) to base 8
-2305037
Convert -3025a9 (base 12) to base 3.
-1102010220110
2212211102 (base 3) to base 16
dda2
-23310021101 (base 4) to base 14
-5a89c5
53114213 (base 7) to base 5
2122210400
Convert 20136d (base 16) to base 13.
587a7c
-a2412 (base 11) to base 2
-100100100001000001
-1101145 (base 6) to base 7
-315341
What is -3671603 (base 9) in base 15?
-29650c
-236a90 (base 12) to base 4
-2023212030
What is -776639 (base 10) in base 2?
-10111101100110111111
Convert b9bba (base 12) to base 14.
655ca
Convert -1cbdca (base 14) to base 9.
-1842232
What is 911a7 (base 12) in base 6?
4013131
What is -2404012230 (base 5) in base 8?
-25065036
What is 98867 (base 14) in base 5?
43304410
What is 41781 (base 14) in base 2?
100110100011000101
What is 14124200 (base 6) in base 9?
807450
What is -41032422 (base 5) in base 9?
-553148
What is 33233000103 (base 4) in base 12?
146ab83
10210013202 (base 4) to base 8
4440742
What is 1011011101100101 (base 2) in base 12?
23205
-1a15351 (base 12) to base 6
-313550141
Convert -6244c (base 16) to base 15.
-7e3dd
What is 10100000010011110011000 (base 2) in base 15?
6db6b1
100102121001210 (base 3) to base 2
10011000111011011111010
Convert -2ad97 (base 14) to base 2.
-11010000111001001
9295e7 (base 15) to base 5
3240423332
101121000210 (base 3) to base 7
1525626
What is 1a2710 (base 13) in base 7?
5426316
What is -113344610 (base 7) in base 12?
-24187a5
What is 20350512 (base 7) in base 9?
3185320
1210201102110 (base 3) to base 11
5a5518
1230321122 (base 4) to base 16
6ce5a
36971 (base 12) to base 16
120e5
d0c85 (base 16) to base 7
10161134
-13a50 (base 11) to base 13
-9099
Convert -8745 (base 10) to base 11.
-6630
-408bb (base 12) to base 8
-244417
628d89 (base 14) to base 6
155201125
What is 10010110011110111011101 (base 2) in base 7?
56625126
Convert 130011323 (base 4) to base 9.
184752
What is 4231222441 (base 5) in base 15?
b9ca81
Convert 118652 (base 14) to base 8.
2222620
Convert -1032030 (base 5) to base 2.
-100010101100101
189694 (base 14) to base 12
360182
What is -9404 (base 12) in base 10?
-16132
What is -4454018 (base 9) in base 15?
-325668
139068 (base 12) to base 16
4fc10
What is 355833 (base 10) in base 16?
56df9
505b80 (base 14) to base 13
739373
What is 2750376 (base 8) in base 6?
24333102
What is -952804 (base 12) in base 9?
-4367484
Convert 2102d (base 15) to base 7.
614104
Convert -3164538 (base 9) to base 13.
-47500a
Convert -1402003 (base 7) to base 15.
-39eb1
-5544204 (base 7) to base 4
-2212311132
69535 (base 13) to base 7
1426564
What is 12712 (base 16) in base 14?
1d758
200011011110 (base 3) to base 5
42413310
What is 11134435 (base 6) in base 4?
1102311113
2112342441 (base 5) to base 14
83034c
Convert 4e7b8b (base 15) to base 3.
21002122212112
2d8ab (base 15) to base 9
243678
Convert 684b9 (base 13) to base 4.
232111022
What is 3131133033 (base 4) in base 7?
10465641
Convert 10020210200120 (base 3) to base 10.
1728231
-ac2d (base 16) to base 14
-120c5
What is -101640527 (base 8) in base 2?
-1000001110100000101010111
Convert -2427922 (base 10) to base 2.
-1001010000110000010010
Convert -11301223 (base 4) to base 14.
-889d
2c291 (base 14) to base 6
2210315
-637516 (base 12) to base 5
-400134114
-119935 (base 10) to base 5
-12314220
Convert 12693686 (base 10) to base 13.
2825975
What is 374356 (base 11) in base 8?
2203034
What is 723631 (base 8) in base 16?
3a799
Convert 13234004 (base 5) to base 11.
91441
180784 (base 9) to base 13
3c0a3
What is -5004343 (base 7) in base 11?
-373138
Convert -142102 (base 5) to base 16.
-170e
1a49b2 (base 13) to base 10
667357
What is -131034 (base 8) in base 2?
-1011001000011100
Convert 333800 (base 10) to base 14.
8990c
What is 205481 (base 10) in base 5?
23033411
What is -23458220 (base 9) in base 15?
-100d369
Convert 120020022102200 (base 3) to base 6.
445304500
-7369668 (base 10) to base 5
-3341312133
-235305 (base 6) to base 12
-bb35
-6cb527 (base 13) to base 16
-279acf
What is a403a (base 11) in base 10?
151777
What is -44731 (base 9) in base 16?
-743b
Convert -45bc5a (base 13) to base 15.
-22a232
What is 602341 (base 8) in base 4?
300103201
1116416 (base 8) to base 7
2366326
What is -14315730 (base 8) in base 3?
-20010011202100
What is 200012002020221 (base 3) in base 9?
20162227
What is -1100021022210 (base 3) in base 16?
-ae4c8
Convert 13322120232 (base 4) to base 12.
8403a6
What is 4962661 (base 10) in base 5?
2232301121
What is -42bdb (base 15) in base 3?
-101202201022
What is -211002100222121 (base 3) in base 6?
-1055332111
-102210322 (base 5) to base 6
-13105205
What is -13e67 (base 16) in base 5?
-10102021
What is -21ad7b (base 14) in base 7?
-12503514
Convert 209b99 (base 12) to base 4.
1331231211
What is 11000002021012 (base 3) in base 12?
867188
What is 2b2980 (base 12) in base 4?
2302113300
-100212120202 (base 3) to base 9
-325522
-423034554 (base 6) to base 9
-14863727
Convert 3134163 (base 9) to base 11.
a45316
Convert -16027c (base 14) to base 12.
-310b06
f474 (base 16) to base 9
104753
Convert 1020022110 (base 3) to base 12.
12079
What is 58aa3 (base 11) in base 9?
138750
What is -6554c (base 15) in base 3?
-121100110100
-343302 (base 12) to base 2
-11001011110111110010
Convert 4510505 (base 6) to base 13.
7c415
Convert 2002101020010 (base 3) to base 11.
698811
Convert -11142443 (base 5) to base 14.
-284cc
-450450221 (base 6) to base 7
-126215611
Convert 45324500 (base 6) to base 7.
14505201
What is 77820 (base 14) in base 15?
5ac96
What is 44552202 (base 6) in base 14?
272b22
What is -20121202010120 (base 3) in base 8?
-15327452
What is 100131233 (base 4) in base 5?
4124224
